 + 0
3
Calculate (-1 - -4) + (19 + -5 - 20).
-3
-8 + 2 + (3 - -4)
1
Evaluate (-2 - (-15 - -1) - 5) + 3.
10
What is the value of 0 - (-1 + 0 + -4)?
5
-5 - (-5 + (-4 + 3 - -5))
-4
Calculate 0 + -1 + 3 - 6.
-4
What is -3 - (2 + (-5 - 3))?
3
-5 + -7 + 13 + 1
2
Calculate -10 + 4 + 13 + -12.
-5
Evaluate (2 - 1) + (-6 - -4) + -4.
-5
(-4 - -2) + 0 + -1 + 0
-3
Calculate (0 - -3) + -1 - (-2 + 1).
3
What is the value of -3 - (6 + (5 - 8))?
-6
What is (-2 - -1) + 1 - 4?
-4
What is the value of (1 - (-1 - -6)) + -3 + 0?
-7
Evaluate 2 - ((-5 + 7 - 5) + 5).
0
What is the value of 12 - 17 - (0 + 3)?
-8
Evaluate -1 + 1 + (-3 - -5).
2
Evaluate -13 + 10 + 1 + -1 - -1.
-2
-12 + 6 + 5 + -2 - -8
5
Calculate -8 - ((-12 - -5) + -6).
5
-4 + -8 + 3 - -3
-6
19 + -26 - (-3 + -1)
-3
2 + 1 + (0 - 1) - -3
5
Evaluate -2 - -8 - ((6 - -1) + 9).
-10
What is 21 + -20 + (2 - -1)?
4
What is -9 + 1 + (22 - 9)?
5
(17 - 5) + (-4 - 3)
5
What is (5 + -6 - -5) + -2?
2
Calculate 4 + 3 + 6 + -11.
2
What is the value of 26 + -10 + 1 + -11?
6
Evaluate 1 + -13 + 12 + (-1 - 0).
-1
Calculate 0 + 6 - (9 - 0).
-3
Evaluate (97 - 108) + (-2 - -12).
-1
Evaluate (3 - 0) + (-26 - -21) - 2.
-4
(-1 - 0 - 0) + -2
-3
Evaluate -9 + 9 + 2 + 3 - 3.
2
-3 + (0 + -5 + 0 - -2)
-6
What is the value of 10 - 15 - (6 - 8)?
-3
What is -10 - (-13 + 10 + -1)?
-6
What is 0 - (2 - 2) - (-18 + 14)?
4
Calculate 5 + 1 + (-13 + 7 - -5).
5
What is the value of 4 - 2 - 0 - 2?
0
What is the value of 1 + -8 + (4 - 0)?
-3
What is the value of -2 + ((6 - 12) + 7 - -5)?
4
Evaluate (0 - (-23 - -11)) + -7.
5
(3 - 11) + -1 + 5
-4
What is (51 - 52) + (0 - -3)?
2
(13 - 8) + -6 - (-4 + 1)
2
What is the value of 11 + -5 - (19 - 11)?
-2
Calculate 7 - (3 - (-7 - -1)).
-2
3 + 1 - ((7 - -6) + -6)
-3
-1 - ((4 - 4) + -1) - 4
-4
What is -3 + 1 + (11 - 4)?
5
Evaluate 2 + -6 + 0 - -7.
3
What is the value of (2 - 2) + -3 + 4 - -8?
9
What is the value of (1 - -7) + -8 + (5 - 1)?
4
(-3 - 1) + (-1 - -4 - 3)
-4
What is (-3 - -4) + -23 + 28?
6
What is 0 + -8 + -1 + 7?
-2
What is 10 - 2 - (-1 + 1 + 6)?
2
What is -2 + -1 - (1 + (2 - 6))?
0
-2 - (-4 - (-9 - -3))
-4
What is -6 + 19 + -5 + -2 - 6?
0
What is the value of (-1 - 0) + 10 + -11 + 5?
3
Evaluate (-4 - (4 + -7)) + 1 - 2.
-2
Calculate 0 + -1 + (6 - 2).
3
What is -2 + 1 + -31 + 27?
-5
Evaluate (15 - (0 - -9 - 3)) + 0.
9
Calculate -2 - (1 + -1 - 0) - -1.
-1
Calculate 3 + -3 - (12 + -7).
-5
13 + (-27 - -11) - 5
-8
17 + -12 + -4 + -12 + 4
-7
What is the value of 15 - 18 - (1 + -2 + 2)?
-4
(-4 - -1 - -6) + 1
4
Calculate -2 + 3 + 3 + 1.
5
Calculate (-1 - 6) + 34 + -22.
5
What is 0 - (0 + 5 + -2)?
-3
What is 9 + 2 + (-6 - 0)?
5
Evaluate 2 - (3 - 0) - -6.
5
What is 9 + -14 + 5 + (5 - 1)?
4
What is the value of -25 + -2 + 24 - (-2 - -1)?
-2
What is the value of (3 - -5) + -17 + 1 + 2?
-6
What is 3 - 6 - -1 - -1?
-1
-8 + 3 - (-5 - 0)
0
What is -79 + 64 + (20 - 0)?
5
Evaluate -9 + 5 + 1 + (0 - -3).
0
Evaluate -24 + 22 - (0 + 1).
-3
Calculate 51 + -54 - (3 + 1 + 0).
-7
What is 6 + (-4 - (1 + -2))?
3
What is the value of 4 + -1 + -3 + -1 + 4?
3
Calculate (-1 - (-3 - -2)) + -2.
-2
What is 5 + -5 + -1 + 1?
0
What is -8 + (-3 - -11) - (0 - 0)?
0
Evaluate (-6 - (8 - 17)) + -4.
-1
Evaluate 3 - (0 - -6) - (1 - 9).
5
What is the value of 2 + 1 + (0 - (-3 - -11))?
-5
What is the value of 1 - (8 - (4 - 1)) - 1?
-5
What is (1 - 2 - 8) + 4?
-5
What is the value of (4 - (2 - -1) - -5) + -2?
4
Calculate (-12 - -15) + 0 + -1.
2
What is -1 - (-8 - (-3 + -3 - -1))?
2
What is the value of 3 - 6 - -6 - -3?
6
Calculate (2 - (1 - 3 - -1)) + -1.
2
-3 + (1 - 2 - -1)
-3
2 - ((0 + -2 - -3) + 4)
-3
What is the value of -2 + 3 - 3 - (44 - 44)?
-2
Calculate -3 + (-1 - -5) + -3.
-2
What is -117 - -131 - (9 - 0)?
5
Calculate 156 + -150 - (-2 + -1).
9
What is the value of (0 - (5 - 4)) + -3 + -2?
-6
Calculate -5 + -7 + 7 + (10 - 1).
4
-8 + 0 + 0 + 10
2
Calculate -4 - (6 + (0 - 8)).
-2
-6 + (-1 - (-4 - -2))
-5
-2 + (7 - 2) + 0 + 2
5
What is the value of 3 + (4 - 4) - -1?
4
Evaluate 2 + -2 - 0 - (20 + -15).
-5
What is the value of (-3 - -5) + (0 + -2 - 2)?
-2
What is the value of -11 + 15 - (1 + 1) - 3?
-1
1 + (-5 + 3 - (-4 + -3))
6
What is -6 - (-1 - 2) - -2 - 2?
-3
What is 5 + 3 + -1 + -16 - -4?
-5
Evaluate -2 + -7 - (23 + -30).
-2
What is the value of 5 + -9 + 1 + -2 + 5?
0
What is -9 + -5 + (1 - (6 - 15))?
-4
What is the value of -2 - (-24 + 12) - 4?
6
What is -17 + 28 + -18 + 1?
-6
4 + 5 + -7 - (-2 + 3)
1
Evaluate -6 - (6 + -11 - -2).
-3
What is the value of (4 - (16 - 1)) + 7?
-4
Calculate (3 - 2) + 3 + -1 + 1.
4
What is the value of -8 - (-1 - -7 - 20)?
6
What is 1 - 2 - -5 - 6?
-2
What is 4 - 5 - (-11 + 6)?
4
What is -7 + (-15 - -9 - -6)?
-7
-6 - (-8 + 1 + 1)
0
2 + (5 + -19 - -8) + -4
-8
What is -6 - 1 - (-5 + 2)?
-4
Evaluate -12 - -17 - (-4 - -5 - -3).
1
1 - ((3 - -4) + -5 - 3)
2
What is -2 - (-8 - -1) - (31 - 30)?
4
What is the value of 5 + (11 - 29) + 7?
-6
What is 2 - (1 - 1) - 1?
1
Evaluate 3 + 6 + -7 - 1.
1
What is the value of 2 + 3 - (3 - -2)?
0
7 + -4 + 0 - 2
1
What is the value of 68 - 70 - (6 + (-1 - -2))?
-9
What is 4 - (1 + -2 - -12) - -4?
-3
(-3 - (6 - 3 - 6)) + 1
1
What is (0 - -8 - -2) + -7?
3
Calculate -30 + 27 - (-3 + 1).
-1
Calculate -4 + (-1 - (-8 + 10)).
-7
-4 + -1 + (-4 - -9) + -4
-4
What is (4 - (15 + -3 + -1)) + -2?
-9
What is -2 + -3 + (1 - -2) - 3?
-5
1 + -2 + -1 - (-7 - -3)
2
What is the value of 3 + -14 + 9 + 1 + 3?
2
What is 2 + -1 + 0 + -62 + 63?
2
What is the value of -4 - (3 - -2 - (-6 + 8))?
-7
Calculate 7 + 4 + -5 + -5.
1
What is the value of 13 + -3 + -1 + -8 + 3?
4
Calculate 5 + 8 + -7 + 0 + -5.
1
What is the value of 8 + (1 - (-2 - -7))?
4
3 + -3 - -8 - 2
6
Evaluate 5 + -3 + (-10 - -7) + 3.
2
Evaluate (-6 - -5 - 3) + 4 - 7.
-7
What is the value of 7 + -4 + (1 - 0) + 0?
4
What is (-1 - (-4 - (-2 - 1))) + 0?
0
Evaluate (-1 - 6) + 8 + -6.
-5
What is -2 - (2 - 0 - 9)?
5
What is the value of (-2 - 0) + 2 + 4 + 1?
5
What is -43 + 48 + (-3 - (-5 + -1))?
8
Evaluate 12 + (-7 - -10) + (-12 - -5).
8
What is the value of -2 + 3 - 4 - (5 + -5)?
-3
What is the value of 1 + 3 + (4 - 13)?
-5
What is (-2 - -5) + -2 - -3?
4
-1 + 2 + (-2 - 9)
-10
(1 - -5) + (-3 + 3 - 1)
5
What is 2 + -3 + (2 - 1)?
0
Calculate (-3 - (-2 + 2)) + -2 + 1.
-4
What is 1 - (7 - (-3 + 14))?
5
What is the value of 10 + 0 + -14 - -1?
-3
Calculate -5 + (-13 - (-6 + -7)).
-5
What is -2 - (0 + -2) - 5?
-5
What is the value of 4 + -8 + (2 - 2)?
-4
Evaluate -4 + -10 + (0 - (-9 - -4)).
-9
(0 - -2) + -6 + 8
4
Evaluate 23 + -9 + -9 - 6.
-1
Evaluate -13 + -2 + 9 + (9 - 4).
-1
What is 2 + -5 + 1 + 2 - 1?
-1
What is the value of 2 + -1 + -2 + (-32 - -34)?
1
-4 + (1 - (2 - 0))
-5
Calculate 2 + -4 + (11 - 10).
-1
4 + (-4 - (5 + 6) - -6)
-5
(-7 - -4) + 6 + 0 - 2
1
Evaluate -5 - (0 + 1 + -6).
0
(-3 - -1) + 2 + 3
3
Calculate -10 + 5 + 6 + -6.
-5
Evaluate 2 + -2 + 3 + -45 + 39.
-3
What is the value of (5 - (1 + -2)) + 2?
8
What is (1 + (0 - 0) - -7) + -3?
5
(0 + 1 - 4) + 2 + -1
-2
What is -4 + 0 + (26 - 22)?
0
Calculate 7 + 5 + (1 - (-4 + 10)).
7
Evaluate (-6 - 2 - -6) + (-1 - -1).
-2
Evaluate -3 + 6 + 2 + -3.
2
What is the value of 54 + -54 - (-4 - 1)?
5
Calculate 7 + -12 - -5 - -3.
3
What is the value of 2 + -3 + (13 - (-10 - -15))?
7
What is 0 + (0 - -2) + -1 - 3?
-2
What is (4 - -1 - 1) + (5 - 12)?
-3
Calculate -3 + -2 + (14 - (13 - 10)).
6
Calculate -3 + (-3 - (0 - 2 - -3)).
-7
Calculate 2 - (-6 + (12 - -4)) - -1.
-7
Calculate -3 + (0 - -2) + -1 + 6.
4
What is -3 + (-1 - 0) - -6 - 1?
1
What is -1 - -5 - 4 - 2?
-2
Calculate 4 + (0 - (0 - 2)) + -5.
1
Calculate 3 + -1 + 2 + -3.
1
Calculate -13 + 20 - (12 + -3).
-2
What is the value of (3 - -2) + 3 + -4?
4
3 + 1 + 2 + -11 - -3
-2
Evaluate 1 + -4 + (1 - 1) - -2.
-1
Evaluate (0 - 3) + 6 + (-4 - -2).
1
Evaluate (-43 - -38) + 5 + 0 - 0.
0
What is 3 + (5 - (-1 - -5))?
4
Evaluate 6 + 0 + -3 + -2 - 2.
-1
Evaluate 4 - 0 - (-71 + 70).
5
Calculate (1 + 0 - -3) + (-4 - -5).
5
Evaluate -8 - (4 - (2 + 3 + 3)).
-4
Evaluate (3 + (-4 - -7) - 3) + -1.
2
What is -5 - -11 - (3 - -1)?
2
What is 5 + 6 + (5 - 7) + -18?
-9
Evaluate 2 + (4 - 5 - (2 - -2)).
-3
Calculate (-5 - -6) + 0 + -1 + 4.
4
What is 3 + -3 + 4 - 8?
-4
Evaluate (3 - 9 - -6) + 5.
5
Evaluate -2 + (0 - -1) + (-46 - -46).
-1
Evaluate -2 + -1 + (-1 - -3 - 1).
-2
0 